-3 + 1)*12/(-24). Let t be 250/(-14) + o/(-7). Let u = t - -22. Calculate the highest common factor of 10 and u.
2
Suppose 6*t = 170 - 50. Suppose -23*o = -t*o - 165. Calculate the greatest common divisor of 33 and o.
11
Let m be 16 - -22 - 12/(-2). Calculate the greatest common divisor of m and 66.
22
Let b = -1069 + 1129. Suppose -n + 0 + 12 = 0. Calculate the greatest common factor of n and b.
12
Let t be 196/6*12/14. What is the greatest common divisor of 60 and t?
4
Let l = 1336 - -44. Calculate the greatest common factor of l and 120.
60
Let j = 176 - -94. Calculate the highest common factor of 36 and j.
18
Suppose -498*g + 494*g = -40. What is the highest common divisor of g and 45?
5
Suppose 0*v = 5*v - 35. Suppose 5*l + 88 = 2*z, v*z = 4*z + 4*l + 139. Suppose 718 = 141*y - 269. What is the greatest common divisor of y and z?
7
Let r be 1998/45 + 6/10. Calculate the greatest common factor of 120 and r.
15
Let c = 3 - 3. Suppose y - 26 - 69 = c. Let j = -611 + 649. What is the greatest common divisor of y and j?
19
Let g = -159 + 253. What is the greatest common divisor of 329 and g?
47
Let m = -285 - -405. What is the highest common factor of 432 and m?
24
Let p(o) = 3*o + 56. Let q be p(-13). What is the greatest common divisor of 1037 and q?
17
Suppose -4*m - 12 = 0, 2*m - 3*m - 95 = 4*c. Let l = c + 38. What is the highest common factor of 35 and l?
5
Let o = 748 - 737. Calculate the highest common factor of 77 and o.
11
Let v = -141 + 148. Let z(f) = -3*f - f**3 - 6*f + 8*f**2 + 3*f. Let b be z(v). What is the highest common factor of b and 49?
7
Let s(t) = 2*t**2 - t - 77. Let y be s(-14). What is the highest common divisor of y and 7?
7
Suppose 0 = -0*z + 3*z - 4*p - 4, 0 = -4*p + 20. Let n be 102/z - 42/56. Calculate the highest common divisor of n and 72.
12
Let q be (-4 - 13520/(-15)) + (-10)/(-6). Calculate the highest common factor of q and 58.
29
Let o = -112 + 124. What is the highest common divisor of o and 804?
12
Suppose 18*c - 996 - 1272 = 0. Calculate the greatest common divisor of c and 81.
9
Suppose 2*b - 76 = 5*d, 4*b + 2*d + 92 = 7*b. Let h = 9 - 5. What is the highest common factor of h and b?
4
Suppose 2*v + 2 = 0, 2*u = 2*v - 0 + 6. Suppose -u*i + 2 = 0, 2*y = -2*i + 1 + 49. Let r be y/(-30)*-1*35. What is the highest common divisor of 56 and r?
28
Suppose -7 = -4*z + 37. Suppose -3*p = -4*w + 2*w + 33, -4*w - 22 = 2*p. Let u = 55 + p. What is the highest common factor of u and z?
11
Let p be ((-18)/15)/(2/(-60)). Let w be p/1*(-27)/(-36). Suppose y = 4 - 1. Calculate the highest common divisor of w and y.
3
Suppose 0 = k + 13 - 18. Suppose k*n = 52 + 8. What is the highest common divisor of 156 and n?
12
Let f(d) = d**2 + 22*d + 90. Let c be f(-5). Let j(u) = u + 7. Let n be j(-6). Let a be (0 + n)/(3/45). Calculate the highest common divisor of a and c.
5
Let q be 1040/(-15) + (-6)/9. Let k = -40 - q. Let i = -15 + 21. Calculate the highest common factor of k and i.
6
Let b = 31 - 44. Let z(l) = -l + 5. Let s be z(b). What is the highest common divisor of s and 18?
18
Suppose -345 = 4*w + 3*p, 3*p - 73 = w + 17. Let j = -83 - w. What is the greatest common divisor of j and 20?
4
Suppose 2*n = 6*n - 8. Suppose -4*t - v + 81 = 0, -61 = -4*t + v + n*v. Suppose 5*u - 4*u - t = 0. What is the highest common divisor of u and 152?
19
Suppose -71*d + 67*d = 0. Suppose d = 2*v - 4*h - 46, v = 3*v + 5*h - 1. Let z(u) = -9*u + 7. Let q be z(-5). What is the highest common divisor of v and q?
13
Suppose -7 = -o + 11. Suppose -o*s - 105 = -21*s. Calculate the greatest common divisor of s and 315.
35
Let j be 3 + 4*(-15)/6. Let d = 8 + j. Let l be 18*(-16)/(-12)*d. What is the greatest common divisor of 168 and l?
24
Suppose -2*f + 28 = 3*l, 2*f - f - l = 9. Let m = 16 - f. Suppose m = -5*r + 5*t, -5*r - 6 + 22 = 2*t. Calculate the highest common divisor of r and 6.
2
Let m = -14 - -47. Let p = m + -10. What is the greatest common factor of 92 and p?
23
Let d(q) = 12*q - 264. Let z be d(28). Calculate the highest common divisor of 30 and z.
6
Let d = 1948 + -1924. Suppose 0 = -3*u + 9 + 27. What is the highest common factor of d and u?
12
Suppose 3*g - x = -22, -g - 9 = x - 3*x. Let c(p) = -p**3 - 4*p**2 + 16*p - 6. Let t be c(g). What is the highest common divisor of t and 232?
29
Let q(t) = -t**2 - 57*t - 41. Let s be q(-23). Calculate the greatest common factor of 78 and s.
39
Suppose -u = 2*x - 867, 3011 + 1333 = 5*u + x. Let f be 3/(-12) + u/4. What is the highest common divisor of 31 and f?
31
Suppose 0 = -2*j + q + 113, 0 = -22*j + 27*j + 5*q - 305. Calculate the greatest common divisor of j and 87.
29
Suppose 91 = 9*f - 2*f. Suppose 0 = f*y - 15*y + 108. Calculate the highest common factor of 6 and y.
6
Suppose -3*u - 71 = 34. Let o = 130 - u. Let f(q) = -q**3 + 48*q**2 + 44*q + 260. Let i be f(49). Calculate the greatest common divisor of i and o.
15
Let o = -27 - -77. Let f = o + -47. Calculate the greatest common factor of f and 1.
1
Let g(l) = l**3 - 16*l**2 + 3*l + 33. Let f be g(16). Calculate the greatest common factor of 1485 and f.
27
Let r = 1295 + -1261. What is the highest common factor of r and 1156?
34
Let l be (-3)/9 - 32/(-6). Suppose -25 + 10 = -l*b. Suppose -b*i = -8*i + 35. What is the greatest common factor of i and 49?
7
Let i be 1*(0 + -1) - 19. Let a(l) = -l**3 - 20*l**2 - 5*l - 32. Let m be a(i). Calculate the greatest common factor of 102 and m.
34
Let s(f) = -2*f**3 - 10*f**2 + 10*f - 7. Let k be s(-8). Suppose -2*o + 99 = o. What is the highest common divisor of o and k?
33
Suppose 3 = -5*f + 198. Let b be 4/(-3)*f/(-26). What is the greatest common divisor of b and 18?
2
Suppose 0*n + u = 2*n - 11, 20 = 3*n + 2*u. Suppose -z = -3*z + 4*b + 24, -z + 5*b + n = 0. Calculate the greatest common divisor of 128 and z.
16
Let o(t) = t**2 - 3*t + 12. Let x be 376/40 - (-6)/(-15). Let q be o(x). Calculate the greatest common divisor of q and 6.
6
Let b(t) = t**3 + t**2 + 4*t + 4. Let l be b(0). Suppose 0 = l*p - 4*a - 2 + 14, 11 = 3*p + a. What is the greatest common factor of 1 and p?
1
Suppose -2*x - 3*h + 36 = 0, -4*h + 80 = 4*x - 0*x. Calculate the greatest common factor of 48 and x.
24
Let m(d) = 7*d + 168. Let i be m(-9). What is the highest common divisor of i and 225?
15
Let x(f) = -f - 6. Let g be x(-12). Calculate the greatest common factor of g and 294.
6
Let u = 527 + -384. What is the highest common factor of 65 and u?
13
Let y = -33 - -39. Suppose 4*q + i = 7, 3*q + 0*q - 3*i = -y. Calculate the highest common divisor of q and 1.
1
Suppose -1312 = -10*x + 508. Calculate the highest common factor of 35 and x.
7
Suppose 0 = -3*k + 3*j + 516, -3*k - 6*j = -2*j - 516. What is the greatest common divisor of 86 and k?
86
Suppose -28*j + 638 + 874 = 0. What is the highest common factor of j and 42?
6
Let r = 201 + -129. Let i(s) = -107*s - 312. Let y be i(-3). Calculate the highest common divisor of y and r.
9
Let b = -156 - -248. Let o = b - 38. What is the highest common factor of o and 135?
27
Suppose 4*l = -3*y + 44, 3*l - 88 = -3*y - 43. Calculate the highest common factor of 1440 and y.
16
Let m = -14 + 20. Suppose -1308*w - 54 = -1309*w. What is the greatest common divisor of m and w?
6
Suppose 5*f + 5 + 5 = 0. Let o be f - (-7)/((-14)/(-108)). Let g be (o/(-65))/((-1)/20). What is the greatest common divisor of g and 112?
16
Let r = 210 + -156. Calculate the greatest common factor of r and 234.
18
Suppose 0 = 66*u + 7*u - 1095. Let l(h) = 3*h + 1 - 1. Let v be l(1). Calculate the greatest common factor of v and u.
3
Let n be -10*30/(-6) - (1 + 5). What is the highest common divisor of 330 and n?
22
Let j = -40 - -93. Let c = 104 - j. Calculate the greatest common factor of c and 17.
17
Suppose 24*r = 26*r - 150. Calculate the greatest common factor of r and 1275.
75
Suppose 5*o - 101 = 5*j + 44, 4*j - 172 = -5*o. What is the highest common divisor of o and 176?
16
Suppose -586 = -9*q - 118. Calculate the highest common divisor of q and 13.
13
Suppose -5*c = -4*i + 16, 0*c + 20 = 5*i - 4*c. Suppose 2*h + 3 = 11. Let n = h + 0. Calculate the highest common factor of n and i.
4
Let z(u) = 2*u**2 - 5*u. Let m be z(-4). Let s = m + -34. What is the greatest common factor of s and 